{"id":38,"date":"2023-02-09T10:49:57","date_gmt":"2023-02-09T13:49:57","guid":{"rendered":"https:\/\/pentex.com.br\/loja\/?page_id=38"},"modified":"2023-02-09T10:49:57","modified_gmt":"2023-02-09T13:49:57","slug":"atendimento-ao-cliente","status":"publish","type":"page","link":"https:\/\/pentex.com.br\/loja\/atendimento-ao-cliente\/","title":{"rendered":"Atendimento ao Cliente"},"content":{"rendered":"\n<p>Atendimento ao cliente<br>Voc\u00ea tem alguma d\u00favida ou precisa de ajuda? O nosso atendimento ao cliente ajuda voc\u00ea.<\/p>\n\n\n\n<p>Nossos consultores est\u00e3o prontos para ajud\u00e1-lo com qualquer d\u00favida sobre seu pedido ou informa\u00e7\u00f5es gerais da loja on-line.<\/p>\n\n\n\n<p>Contatos:<br>WhatsApp: <a href=\"http:\/\/+551998892.0796\" data-type=\"URL\" data-id=\"+551998892.0796\">(19) 98892.0796<\/a><br><a href=\"mailto:contato@pentex.com.br\">contato@pentex.com.br<\/a><\/p>\n","protected":false},"excerpt":{"rendered":"<p>Atendimento ao clienteVoc\u00ea tem alguma d\u00favida ou precisa de ajuda? O nosso atendimento ao cliente ajuda voc\u00ea. Nossos consultores est\u00e3o prontos para ajud\u00e1-lo com qualquer d\u00favida sobre seu pedido ou informa\u00e7\u00f5es gerais da loja on-line. Contatos:WhatsApp: (19) 98892.0796contato@pentex.com.br<\/p>\n","protected":false},"author":1,"featured_media":0,"parent":0,"menu_order":0,"comment_status":"closed","ping_status":"closed","template":"","meta":{"footnotes":""},"class_list":["post-38","page","type-page","status-publish","hentry"],"jetpack_sharing_enabled":true,"_links":{"self":[{"href":"https:\/\/pentex.com.br\/loja\/wp-json\/wp\/v2\/pages\/38","targetHints":{"allow":["GET"]}}],"collection":[{"href":"https:\/\/pentex.com.br\/loja\/wp-json\/wp\/v2\/pages"}],"about":[{"href":"https:\/\/pentex.com.br\/loja\/wp-json\/wp\/v2\/types\/page"}],"author":[{"embeddable":true,"href":"https:\/\/pentex.com.br\/loja\/wp-json\/wp\/v2\/users\/1"}],"replies":[{"embeddable":true,"href":"https:\/\/pentex.com.br\/loja\/wp-json\/wp\/v2\/comments?post=38"}],"version-history":[{"count":1,"href":"https:\/\/pentex.com.br\/loja\/wp-json\/wp\/v2\/pages\/38\/revisions"}],"predecessor-version":[{"id":39,"href":"https:\/\/pentex.com.br\/loja\/wp-json\/wp\/v2\/pages\/38\/revisions\/39"}],"wp:attachment":[{"href":"https:\/\/pentex.com.br\/loja\/wp-json\/wp\/v2\/media?parent=38"}],"curies":[{"name":"wp","href":"https:\/\/api.w.org\/{rel}","templated":true}]}}